9
What are the prime factors of 151638?
2, 3, 127, 199
List the prime factors of 3006639.
3, 12373
List the prime factors of 246341.
181, 1361
List the prime factors of 7492451.
53, 373, 379
What are the prime factors of 3359590?
2, 5, 13, 43, 601
List the prime factors of 760131.
3, 47, 599
What are the prime factors of 966458?
2, 483229
List the prime factors of 146870.
2, 5, 19, 773
What are the prime factors of 127516?
2, 71, 449
What are the prime factors of 1138093?
11, 157, 659
What are the prime factors of 247775?
5, 11, 17, 53
List the prime factors of 26256.
2, 3, 547
List the prime factors of 5781199.
83, 69653
List the prime factors of 282288.
2, 3, 5881
List the prime factors of 5450882.
2, 587, 4643
List the prime factors of 14976721.
14976721
What are the prime factors of 5133328?
2, 320833
List the prime factors of 4994155.
5, 998831
What are the prime factors of 655690?
2, 5, 7, 17, 19, 29
List the prime factors of 246211.
7, 17, 2069
List the prime factors of 779497.
601, 1297
List the prime factors of 792267.
3, 7, 31, 1217
What are the prime factors of 20058038?
2, 7, 11, 13, 43, 233
What are the prime factors of 282484?
2, 70621
List the prime factors of 18963775.
5, 758551
What are the prime factors of 2080143?
3, 13, 23, 773
What are the prime factors of 6180858?
2, 3, 343381
List the prime factors of 1297058.
2, 7, 92647
What are the prime factors of 21163579?
21163579
List the prime factors of 251854.
2, 125927
List the prime factors of 527273.
527273
List the prime factors of 3034156.
2, 31, 24469
What are the prime factors of 94876?
2, 23719
What are the prime factors of 379380?
2, 3, 5, 6323
List the prime factors of 165502.
2, 83, 997
What are the prime factors of 414925?
5, 7, 2371
What are the prime factors of 2630962?
2, 1315481
What are the prime factors of 621444?
2, 3, 51787
What are the prime factors of 621099?
3, 69011
What are the prime factors of 803952?
2, 3, 1861
What are the prime factors of 13355274?
2, 3, 2225879
List the prime factors of 526788.
2, 3, 14633
What are the prime factors of 368346?
2, 3, 11, 5581
What are the prime factors of 1858107?
3, 787
What are the prime factors of 9176068?
2, 11, 347, 601
What are the prime factors of 19589?
19, 1031
List the prime factors of 296428.
2, 11, 6737
List the prime factors of 287954.
2, 143977
What are the prime factors of 158760?
2, 3, 5, 7
What are the prime factors of 191566?
2, 95783
List the prime factors of 854988.
2, 3, 71249
What are the prime factors of 119926?
2, 61, 983
List the prime factors of 47612.
2, 11903
What are the prime factors of 89269?
89269
List the prime factors of 137423.
11, 13, 31
List the prime factors of 3483257.
3483257
What are the prime factors of 157820?
2, 5, 13, 607
What are the prime factors of 732296?
2, 239, 383
What are the prime factors of 146419?
7, 13, 1609
List the prime factors of 184539.
3, 137, 449
List the prime factors of 105149.
11, 79
List the prime factors of 523207.
523207
List the prime factors of 3587144.
2, 11, 40763
What are the prime factors of 110?
2, 5, 11
What are the prime factors of 7396667?
7396667
List the prime factors of 246672.
2, 3, 571
List the prime factors of 3559587.
3, 227, 5227
What are the prime factors of 9419001?
3, 53, 59239
List the prime factors of 13898484.
2, 3, 61, 6329
What are the prime factors of 24232?
2, 13, 233
What are the prime factors of 21809078?
2, 10904539
What are the prime factors of 3041288?
2, 29, 13109
List the prime factors of 2816598.
2, 3, 19, 31, 797
List the prime factors of 220309.
151, 1459
List the prime factors of 365220.
2, 3, 5, 2029
List the prime factors of 403446.
2, 3, 19, 3539
What are the prime factors of 521397?
3, 41, 157
List the prime factors of 329867.
329867
What are the prime factors of 2051352?
2, 3, 9497
List the prime factors of 490005.
3, 5, 10889
List the prime factors of 179197.
17, 83, 127
What are the prime factors of 537813?
3, 19919
List the prime factors of 3567687.
3, 19, 62591
List the prime factors of 1149489.
3, 11, 17, 683
What are the prime factors of 17219276?
2, 53, 81223
What are the prime factors of 8515852?
2, 2128963
What are the prime factors of 5864278?
2, 7, 37, 11321
What are the prime factors of 1039662?
2, 3, 13, 1481
List the prime factors of 220531.
83, 2657
List the prime factors of 492858.
2, 3, 9127
List the prime factors of 2057776.
2, 7, 19, 967
List the prime factors of 1312762.
2, 11, 59671
List the prime factors of 12239652.
2, 3, 1019971
What are the prime factors of 9033030?
2, 3, 5, 167, 601
What are the prime factors of 16424916?
2, 3, 31, 67, 659
List the prime factors of 173698.
2, 7, 19, 653
What are the prime factors of 2008627?
29, 69263
What are the prime factors of 6219810?
2, 3, 5, 69109
What are the prime factors of 493429?
61, 8089
List the prime factors of 1590740.
2, 5, 79537
What are the prime factors of 13745784?
2, 3, 13, 3389
List the prime factors of 1213908.
2, 3, 101159
What are the prime factors of 4806332?
2, 1201583
What are the prime factors of 110036?
2, 27509
List the prime factors of 526548.
2, 3, 11, 3989
What are the prime factors of 94396?
2, 23599
List the prime factors of 24660552.
2, 3, 7, 229, 641
List the prime factors of 162642.
2, 3, 27107
List the prime factors of 1204140.
2, 3, 5, 7, 47, 61
List the prime factors of 417732.
2, 3, 7, 4973
What are the prime factors of 9586246?
2, 4793123
List the prime factors of 582929.
29, 20101
What are the prime factors of 25612980?
2, 3, 5, 157, 2719
List the prime factors of 10953622.
2, 5476811
What are the prime factors of 414149?
29, 14281
What are the prime factors of 688224?
2, 3, 67, 107
List the prime factors of 5316399.
3, 11, 83, 647
What are the prime factors of 1284464?
2, 80279
What are the prime factors of 3717314?
2, 53, 35069
List the prime factors of 15913757.
31, 513347
What are the prime factors of 9904786?
2, 73, 179, 379
What are the prime factors of 720714?
2, 3, 113, 1063
What are the prime factors of 287409?
3, 95803
List the prime factors of 541021.
13, 41617
List the prime factors of 1650821.
71, 23251
What are the prime factors of 9929705?
5, 71, 83, 337
List the prime factors of 283280.
2, 5, 3541
What are the prime factors of 681810?
2, 3, 5, 22727
What are the prime factors of 255711?
3, 85237
List the prime factors of 729613.
729613
List the prime factors of 58747.
13, 4519
List the prime factors of 1350668.
2, 11, 30697
List the prime factors of 3094020.
2, 3, 5, 17189
List the prime factors of 149384.
2, 71, 263
What are the prime factors of 610458?
2, 3, 71, 1433
What are the prime factors of 141634?
2, 23, 3079
List the prime factors of 1952363.
7, 278909
What are the prime factors of 7178728?
2, 331, 2711
List the prime factors of 7545249.
3, 29, 28909
List the prime factors of 1814772.
2, 3, 43, 3517
List the prime factors of 3695807.
43, 61, 1409
What are the prime factors of 21710279?
41, 529519
What are the prime factors of 18381446?
2, 9190723
List the prime factors of 18934.
2, 9467
What are the prime factors of 181057?
331, 547
What are the prime factors of 766657?
179, 4283
List the prime factors of 6081422.
2, 3040711
List the prime factors of 582475.
5, 23, 1013
List the prime factors of 2457345.
3, 5, 11, 53, 281
What are the prime factors of 1482659?
1482659
What are the prime factors of 1891782?
2, 3, 53, 661
What are the prime factors of 108783?
3, 17, 79
What are the prime factors of 18499127?
18499127
What are the prime factors of 242357?
242357
List the prime factors of 1329499.
1329499
List the prime factors of 30559655.
5, 7, 873133
What are the prime factors of 122229?
3, 503
What are the prime factors of 1755231?
3, 585077
What are the prime factors of 21884273?
21884273
List the prime factors of 1630508.
2, 11, 37057
What are the prime factors of 282876?
2, 3, 11, 2143
List the prime factors of 4522755.
3, 5, 53, 5689
What are the prime factors of 4063001?
449, 9049
List the prime factors of 504633.
3, 168211
List the prime factors of 244645.
5, 113, 433
What are the prime factors of 796734?
2, 3, 44263
List the prime factors of 6648716.
2, 593, 2803
What are the prime factors of 2117466?
2, 3, 13, 9049
List the prime factors of 1932206.
2, 107, 9029